{"id":91,"date":"2016-11-06T11:35:05","date_gmt":"2016-11-06T11:35:05","guid":{"rendered":"http:\/\/50.116.86.123\/~socioadmin\/?page_id=91"},"modified":"2023-03-07T14:45:25","modified_gmt":"2023-03-07T17:45:25","slug":"epic-ripc","status":"publish","type":"page","link":"https:\/\/socioambientalprojetos.com.br\/index.php\/servicos\/epic-ripc\/","title":{"rendered":"EPIC\/RIPC \u2013 Anu\u00eancia do IEPHA"},"content":{"rendered":"<blockquote><p>A Delibera\u00e7\u00e3o Normativa CONEP n\u00ba 007\/2014, torna obrigat\u00f3ria para determinados empreendimentos a apresenta\u00e7\u00e3o de do <strong>Estudo Pr\u00e9vio de Impacto Cultural (EPIC)<\/strong> e a aprova\u00e7\u00e3o do respectivo <strong>Relat\u00f3rio de Impacto no Patrim\u00f4nio Cultural (RIPC)<\/strong> junto ao Instituto Estadual de Patrim\u00f4nio Hist\u00f3rico e Art\u00edstico de Minas Gerais (IEPHA\/MG).<\/p><\/blockquote>\n<p>O Estudo Pr\u00e9vio de Impacto Cultural (EPIC) e o Relat\u00f3rio de Impacto no Patrim\u00f4nio Cultural (RIPC) foram criados pela Delibera\u00e7\u00e3o Normativa CONEP n\u00ba 007 em dezembro de 2014, estabelecendo normas para realiza\u00e7\u00e3o de estudos de impacto no patrim\u00f4nio cultural de Minas Gerais. (Consulte-a <a href=\"http:\/\/www.iepha.mg.gov.br\/images\/servicos\/DN_CONEP_007_2014__Portaria_IEPHA_52_2014.pdf\" target=\"_blank\" rel=\"noopener\">aqui<\/a>)<\/p>\n<p>Desse modo, empreendimentos, obras ou projetos, p\u00fablicos ou privados, depender\u00e3o da elabora\u00e7\u00e3o de EPIC e da aprova\u00e7\u00e3o do respectivo RIPC para sua realiza\u00e7\u00e3o, caso tenham efeitos reais, potenciais, material ou imaterial sobre \u00e1rea ou bem de interesse hist\u00f3rico, art\u00edstico, arquitet\u00f4nico ou paisag\u00edstico, nos termos da Delibera\u00e7\u00e3o, cabendo ao IEPHA\/MG a an\u00e1lise e aprova\u00e7\u00e3o dos documentos.<\/p>\n<p>No EPIC e RIPC devem-se conter informa\u00e7\u00f5es a respeito da caracteriza\u00e7\u00e3o do empreendimento, defini\u00e7\u00e3o e diagn\u00f3stico da \u00c1rea Diretamente Afetada (ADA), \u00c1rea de Influ\u00eancia Direta (AID) e \u00c1rea de Influ\u00eancia Indireta (AII), demonstra\u00e7\u00e3o da compatibilidade do empreendimento com a legisla\u00e7\u00e3o que disp\u00f5e sobre patrim\u00f4nio cultural, identifica\u00e7\u00e3o dos bens materiais e imateriais, identifica\u00e7\u00e3o dos impactos ao patrim\u00f4nio cultural, al\u00e9m de programa de salvaguarda do patrim\u00f4nio cultural afetado e indica\u00e7\u00e3o dos respons\u00e1veis t\u00e9cnicos pelos estudos.<\/p>\n<p>Al\u00e9m disso, conforme estabelece a norma, o EPIC dever\u00e1 ser elaborado na fase de Licenciamento ambiental Pr\u00e9vio (LP), devendo compor o Estudo Pr\u00e9vio de Impacto Ambiental (EIA), quando exig\u00edvel. J\u00e1 para os empreendimentos em opera\u00e7\u00e3o, o EPIC ser\u00e1 exigido na fase de renova\u00e7\u00e3o da Licen\u00e7a de Opera\u00e7\u00e3o (LO).<\/p>\n<p>A vig\u00eancia desse procedimento coloca o acervo cultural do estado de Minas Gerais em situa\u00e7\u00e3o privilegiada, visto que toda grande interven\u00e7\u00e3o sobre o meio f\u00edsico &#8211; empreendimentos e obras &#8211; ser\u00e1 precedida por um estudo detalhado, cujo diagn\u00f3stico espec\u00edfico definir\u00e1 a\u00e7\u00f5es mitigadoras, compensat\u00f3rias e de preserva\u00e7\u00e3o dos bens culturais de natureza material e imaterial ora identificados.<\/p>\n<p>&nbsp;<\/p>\n","protected":false},"excerpt":{"rendered":"<p>A Delibera\u00e7\u00e3o Normativa CONEP n\u00ba 007\/2014, torna obrigat\u00f3ria para determinados empreendimentos a apresenta\u00e7\u00e3o de do Estudo Pr\u00e9vio de Impacto Cultural (EPIC) e a aprova\u00e7\u00e3o do respectivo Relat\u00f3rio de Impacto no Patrim\u00f4nio Cultural (RIPC) junto ao Instituto Estadual de Patrim\u00f4nio Hist\u00f3rico e Art\u00edstico de Minas Gerais (IEPHA\/MG). O Estudo Pr\u00e9vio de Impacto Cultural (EPIC) e o [&hellip;]<\/p>\n","protected":false},"author":2,"featured_media":0,"parent":19,"menu_order":0,"comment_status":"closed","ping_status":"closed","template":"","meta":{"footnotes":""},"class_list":["post-91","page","type-page","status-publish","hentry"],"_links":{"self":[{"href":"https:\/\/socioambientalprojetos.com.br\/index.php\/wp-json\/wp\/v2\/pages\/91","targetHints":{"allow":["GET"]}}],"collection":[{"href":"https:\/\/socioambientalprojetos.com.br\/index.php\/wp-json\/wp\/v2\/pages"}],"about":[{"href":"https:\/\/socioambientalprojetos.com.br\/index.php\/wp-json\/wp\/v2\/types\/page"}],"author":[{"embeddable":true,"href":"https:\/\/socioambientalprojetos.com.br\/index.php\/wp-json\/wp\/v2\/users\/2"}],"replies":[{"embeddable":true,"href":"https:\/\/socioambientalprojetos.com.br\/index.php\/wp-json\/wp\/v2\/comments?post=91"}],"version-history":[{"count":4,"href":"https:\/\/socioambientalprojetos.com.br\/index.php\/wp-json\/wp\/v2\/pages\/91\/revisions"}],"predecessor-version":[{"id":559,"href":"https:\/\/socioambientalprojetos.com.br\/index.php\/wp-json\/wp\/v2\/pages\/91\/revisions\/559"}],"up":[{"embeddable":true,"href":"https:\/\/socioambientalprojetos.com.br\/index.php\/wp-json\/wp\/v2\/pages\/19"}],"wp:attachment":[{"href":"https:\/\/socioambientalprojetos.com.br\/index.php\/wp-json\/wp\/v2\/media?parent=91"}],"curies":[{"name":"wp","href":"https:\/\/api.w.org\/{rel}","templated":true}]}}