{"id":55,"date":"2016-11-02T12:26:45","date_gmt":"2016-11-02T12:26:45","guid":{"rendered":"http:\/\/50.116.86.123\/~socioadmin\/?page_id=55"},"modified":"2023-08-08T11:34:32","modified_gmt":"2023-08-08T14:34:32","slug":"equipe","status":"publish","type":"page","link":"https:\/\/socioambientalprojetos.com.br\/index.php\/institucional\/equipe\/","title":{"rendered":"Equipe"},"content":{"rendered":"<p>[vc_row][vc_column][vc_column_text]<\/p>\n<blockquote><p>A Socioambiental conta com uma equipe multidisciplinar, especialistas, mestres e doutores, preparados para os desafios relacionados \u00e0s quest\u00f5es socioambientais.<\/p><\/blockquote>\n<p>&nbsp;<\/p>\n<h3>Dra. In\u00eas de Oliveira Noronha<\/h3>\n<h5>Coordena\u00e7\u00e3o Geral<\/h5>\n<hr \/>\n<p style=\"text-align: justify;\">In\u00eas de Oliveira Noronha \u00e9 PhD em Antropologia; Arque\u00f3loga; Pedagoga (DEMEC n\u00ba 9800573); Doutora em Educa\u00e7\u00e3o; Mestre em Gest\u00e3o e Auditoria Ambiental; Mestre em Administra\u00e7\u00e3o; P\u00f3s-graduada em Engenharia Ambiental Integrada; P\u00f3s-graduada em Educa\u00e7\u00e3o Ambiental; P\u00f3s-graduada MBA Gest\u00e3o de Neg\u00f3cios e Compet\u00eancias; Diplomado em Arqueologia e Patrim\u00f4nio. Foi Conselheira do CONAMA no bi\u00eanio 2017-2018 e Conselheira do COPAM, de 2008 a 2015. \u00c9 Professora convidada do IEC PUC Minas nas disciplinas Educa\u00e7\u00e3o Ambiental Cr\u00edtica; Educa\u00e7\u00e3o Ambiental em \u00c1rea de Minera\u00e7\u00e3o; M\u00e9todos, T\u00e9cnicas e Pesquisa em Educa\u00e7\u00e3o Ambiental; e Patrim\u00f4nio e Repara\u00e7\u00e3o de Danos Socioambientais, para os cursos de P\u00f3s-gradua\u00e7\u00e3o em Gest\u00e3o Ambiental Integrada; P\u00f3s-gradua\u00e7\u00e3o em Minera\u00e7\u00e3o e Meio Ambiente; Educa\u00e7\u00e3o Ambiental e Sustentabilidade e MBA em Per\u00edcia e Valora\u00e7\u00e3o de Danos Ambientais. CTF\/AIDA IBAMA n\u00ba 249702.<\/p>\n<p><strong>Endere\u00e7o para acessar este CV:<\/strong> <a href=\"http:\/\/lattes.cnpq.br\/5532896897856115\">http:\/\/lattes.cnpq.br\/5532896897856115<\/a>[\/vc_column_text][\/vc_column][\/vc_row]<\/p>\n","protected":false},"excerpt":{"rendered":"<p>[vc_row][vc_column][vc_column_text] A Socioambiental conta com uma equipe multidisciplinar, especialistas, mestres e doutores, preparados para os desafios relacionados \u00e0s quest\u00f5es socioambientais. &nbsp; Dra. In\u00eas de Oliveira Noronha Coordena\u00e7\u00e3o Geral In\u00eas de Oliveira Noronha \u00e9 PhD em Antropologia; Arque\u00f3loga; Pedagoga (DEMEC n\u00ba 9800573); Doutora em Educa\u00e7\u00e3o; Mestre em Gest\u00e3o e Auditoria Ambiental; Mestre em Administra\u00e7\u00e3o; P\u00f3s-graduada em [&hellip;]<\/p>\n","protected":false},"author":2,"featured_media":0,"parent":18,"menu_order":0,"comment_status":"closed","ping_status":"closed","template":"","meta":{"footnotes":""},"class_list":["post-55","page","type-page","status-publish","hentry"],"_links":{"self":[{"href":"https:\/\/socioambientalprojetos.com.br\/index.php\/wp-json\/wp\/v2\/pages\/55","targetHints":{"allow":["GET"]}}],"collection":[{"href":"https:\/\/socioambientalprojetos.com.br\/index.php\/wp-json\/wp\/v2\/pages"}],"about":[{"href":"https:\/\/socioambientalprojetos.com.br\/index.php\/wp-json\/wp\/v2\/types\/page"}],"author":[{"embeddable":true,"href":"https:\/\/socioambientalprojetos.com.br\/index.php\/wp-json\/wp\/v2\/users\/2"}],"replies":[{"embeddable":true,"href":"https:\/\/socioambientalprojetos.com.br\/index.php\/wp-json\/wp\/v2\/comments?post=55"}],"version-history":[{"count":8,"href":"https:\/\/socioambientalprojetos.com.br\/index.php\/wp-json\/wp\/v2\/pages\/55\/revisions"}],"predecessor-version":[{"id":850,"href":"https:\/\/socioambientalprojetos.com.br\/index.php\/wp-json\/wp\/v2\/pages\/55\/revisions\/850"}],"up":[{"embeddable":true,"href":"https:\/\/socioambientalprojetos.com.br\/index.php\/wp-json\/wp\/v2\/pages\/18"}],"wp:attachment":[{"href":"https:\/\/socioambientalprojetos.com.br\/index.php\/wp-json\/wp\/v2\/media?parent=55"}],"curies":[{"name":"wp","href":"https:\/\/api.w.org\/{rel}","templated":true}]}}