{"id":53,"date":"2016-11-02T12:25:06","date_gmt":"2016-11-02T12:25:06","guid":{"rendered":"http:\/\/50.116.86.123\/~socioadmin\/?page_id=53"},"modified":"2016-11-02T12:25:06","modified_gmt":"2016-11-02T12:25:06","slug":"arqueologia","status":"publish","type":"page","link":"https:\/\/socioambientalprojetos.com.br\/index.php\/institucional\/arqueologia\/","title":{"rendered":"Arqueologia"},"content":{"rendered":"<p>Arqueologia \u00e9 a ci\u00eancia que se dedica ao estudo do passado do ser humano atrav\u00e9s da cultura material. Esta pesquisa se divide em, basicamente, tr\u00eas fases: Diagn\u00f3stico, Prospec\u00e7\u00e3o e Escava\u00e7\u00e3o, sendo a \u00faltima realizada apenas quando estritamente necess\u00e1rio. O estudo dos artefatos recuperados oferecem diversos dados que podem auxiliar na constru\u00e7\u00e3o da hist\u00f3ria de uma popula\u00e7\u00e3o.<\/p>\n<p>Desta forma, pode-se afirmar que a Arqueologia conta a hist\u00f3ria daqueles que n\u00e3o tiveram a oportunidade de registrar o seu cotidiano, suas cren\u00e7as e seus h\u00e1bitos de maneira escrita.<\/p>\n<p>Atualmente, a Arqueologia Preventiva se tornou o principal ramo da Arqueologia no Brasil, pois esta se faz necess\u00e1rio nos processos de licenciamento ambiental de empreendimentos. Segue abaixo as legisla\u00e7\u00f5es mais importantes referentes \u00e0 Arqueologia:<\/p>\n<p><strong>Lei n\u00ba 3.924 de 16 de julho de 1961:<\/strong> disp\u00f5e sobre monumentos arqueol\u00f3gicos e pr\u00e9-hist\u00f3ricos.<\/p>\n<p><strong>Portaria n\u00ba 07 de 1\u00ba de dezembro de 1988:<\/strong> Estabelece os procedimentos necess\u00e1rios \u00e0 comunica\u00e7\u00e3o pr\u00e9via, \u00e0s permiss\u00f5es e \u00e0s autoriza\u00e7\u00f5es para pesquisas e escava\u00e7\u00f5es arqueol\u00f3gicas em s\u00edtios previstos na Lei n\u00ba 3.924\/1961.<\/p>\n<p><strong>Portaria n\u00ba 28 de 31 de janeiro de 2003:<\/strong> Disp\u00f5e sobre a realiza\u00e7\u00e3o de interven\u00e7\u00e3o arqueol\u00f3gica quando da renova\u00e7\u00e3o de licen\u00e7a ambiental de empreendimentos hidrel\u00e9tricos.<\/p>\n<p><strong>Instru\u00e7\u00e3o Normativa n\u00b0 01 de 25 de mar\u00e7o de 2015:<\/strong> Disp\u00f5e sobre os diferentes m\u00e9todos de pesquisa a serem executados durante as fases de licenciamento cultural do empreendimento.<\/p>\n","protected":false},"excerpt":{"rendered":"<p>Arqueologia \u00e9 a ci\u00eancia que se dedica ao estudo do passado do ser humano atrav\u00e9s da cultura material. Esta pesquisa se divide em, basicamente, tr\u00eas fases: Diagn\u00f3stico, Prospec\u00e7\u00e3o e Escava\u00e7\u00e3o, sendo a \u00faltima realizada apenas quando estritamente necess\u00e1rio. O estudo dos artefatos recuperados oferecem diversos dados que podem auxiliar na constru\u00e7\u00e3o da hist\u00f3ria de uma [&hellip;]<\/p>\n","protected":false},"author":2,"featured_media":0,"parent":18,"menu_order":0,"comment_status":"closed","ping_status":"closed","template":"","meta":{"footnotes":""},"class_list":["post-53","page","type-page","status-publish","hentry"],"_links":{"self":[{"href":"https:\/\/socioambientalprojetos.com.br\/index.php\/wp-json\/wp\/v2\/pages\/53","targetHints":{"allow":["GET"]}}],"collection":[{"href":"https:\/\/socioambientalprojetos.com.br\/index.php\/wp-json\/wp\/v2\/pages"}],"about":[{"href":"https:\/\/socioambientalprojetos.com.br\/index.php\/wp-json\/wp\/v2\/types\/page"}],"author":[{"embeddable":true,"href":"https:\/\/socioambientalprojetos.com.br\/index.php\/wp-json\/wp\/v2\/users\/2"}],"replies":[{"embeddable":true,"href":"https:\/\/socioambientalprojetos.com.br\/index.php\/wp-json\/wp\/v2\/comments?post=53"}],"version-history":[{"count":1,"href":"https:\/\/socioambientalprojetos.com.br\/index.php\/wp-json\/wp\/v2\/pages\/53\/revisions"}],"predecessor-version":[{"id":608,"href":"https:\/\/socioambientalprojetos.com.br\/index.php\/wp-json\/wp\/v2\/pages\/53\/revisions\/608"}],"up":[{"embeddable":true,"href":"https:\/\/socioambientalprojetos.com.br\/index.php\/wp-json\/wp\/v2\/pages\/18"}],"wp:attachment":[{"href":"https:\/\/socioambientalprojetos.com.br\/index.php\/wp-json\/wp\/v2\/media?parent=53"}],"curies":[{"name":"wp","href":"https:\/\/api.w.org\/{rel}","templated":true}]}}