{"id":116,"date":"2016-11-06T12:56:00","date_gmt":"2016-11-06T12:56:00","guid":{"rendered":"http:\/\/50.116.86.123\/~socioadmin\/?page_id=116"},"modified":"2023-03-08T10:38:21","modified_gmt":"2023-03-08T13:38:21","slug":"gestao-do-relacionamento","status":"publish","type":"page","link":"https:\/\/socioambientalprojetos.com.br\/index.php\/servicos\/gestao-do-relacionamento\/","title":{"rendered":"Gest\u00e3o do Relacionamento com Stakeholders e Comunidades Tradicionais"},"content":{"rendered":"<blockquote><p>O relacionamento e di\u00e1logo com as comunidades localizadas nas \u00e1reas de influ\u00eancia dos empreendimentos, permite identificar e satisfazer suas expectativas, disponibilizando mecanismos de comunica\u00e7\u00e3o abertos e permanentes.<\/p><\/blockquote>\n<p><span style=\"font-weight: 400;\">A Socioambiental Projetos oferece servi\u00e7os personalizados e inovadores para empresas que desejam estabelecer e manter rela\u00e7\u00f5es positivas e sustent\u00e1veis com suas partes interessadas e comunidades locais.<\/span><\/p>\n<p><span style=\"font-weight: 400;\">\u00c9 sabido que uma rela\u00e7\u00e3o positiva e duradoura com os stakeholders \u00e9 crucial para o sucesso de qualquer empreendimento. Nossa equipe de especialistas em gest\u00e3o de stakeholders trabalha para entender as necessidades e expectativas de cada grupo de interesse e ajudar nossos clientes a desenvolver estrat\u00e9gias eficazes de engajamento e comunica\u00e7\u00e3o.<\/span><\/p>\n<p><span style=\"font-weight: 400;\">A Socioambiental Projetos \u00e9 especializada em trabalhar com comunidades tradicionais e povos ind\u00edgenas. Reconhecemos que essas comunidades possuem conhecimentos e pr\u00e1ticas \u00fanicas e valiosas que devem ser respeitadas e incorporadas aos processos de tomada de decis\u00e3o das empresas. Assim, oferecemos servi\u00e7os para apoiar a gest\u00e3o do relacionamento com esses grupos. Al\u00e9m disso, ajudamos as empresas a entender e cumprir as leis e regulamentos locais e nacionais relacionadas \u00e0 gest\u00e3o de stakeholders e comunidades tradicionais.\u00a0<\/span><\/p>\n<p><span style=\"font-weight: 400;\">Nosso principal objetivo \u00e9 ajudar nossos clientes a estabelecer rela\u00e7\u00f5es sustent\u00e1veis e de longo prazo com seus stakeholders e comunidades locais, promovendo o desenvolvimento econ\u00f4mico e social de forma respons\u00e1vel e \u00e9tica.\u00a0<\/span><\/p>\n","protected":false},"excerpt":{"rendered":"<p>O relacionamento e di\u00e1logo com as comunidades localizadas nas \u00e1reas de influ\u00eancia dos empreendimentos, permite identificar e satisfazer suas expectativas, disponibilizando mecanismos de comunica\u00e7\u00e3o abertos e permanentes. A Socioambiental Projetos oferece servi\u00e7os personalizados e inovadores para empresas que desejam estabelecer e manter rela\u00e7\u00f5es positivas e sustent\u00e1veis com suas partes interessadas e comunidades locais. \u00c9 sabido [&hellip;]<\/p>\n","protected":false},"author":2,"featured_media":0,"parent":19,"menu_order":0,"comment_status":"closed","ping_status":"closed","template":"","meta":{"footnotes":""},"class_list":["post-116","page","type-page","status-publish","hentry"],"_links":{"self":[{"href":"https:\/\/socioambientalprojetos.com.br\/index.php\/wp-json\/wp\/v2\/pages\/116","targetHints":{"allow":["GET"]}}],"collection":[{"href":"https:\/\/socioambientalprojetos.com.br\/index.php\/wp-json\/wp\/v2\/pages"}],"about":[{"href":"https:\/\/socioambientalprojetos.com.br\/index.php\/wp-json\/wp\/v2\/types\/page"}],"author":[{"embeddable":true,"href":"https:\/\/socioambientalprojetos.com.br\/index.php\/wp-json\/wp\/v2\/users\/2"}],"replies":[{"embeddable":true,"href":"https:\/\/socioambientalprojetos.com.br\/index.php\/wp-json\/wp\/v2\/comments?post=116"}],"version-history":[{"count":2,"href":"https:\/\/socioambientalprojetos.com.br\/index.php\/wp-json\/wp\/v2\/pages\/116\/revisions"}],"predecessor-version":[{"id":632,"href":"https:\/\/socioambientalprojetos.com.br\/index.php\/wp-json\/wp\/v2\/pages\/116\/revisions\/632"}],"up":[{"embeddable":true,"href":"https:\/\/socioambientalprojetos.com.br\/index.php\/wp-json\/wp\/v2\/pages\/19"}],"wp:attachment":[{"href":"https:\/\/socioambientalprojetos.com.br\/index.php\/wp-json\/wp\/v2\/media?parent=116"}],"curies":[{"name":"wp","href":"https:\/\/api.w.org\/{rel}","templated":true}]}}